{"id":923,"date":"2023-02-27T22:02:35","date_gmt":"2023-02-27T22:02:35","guid":{"rendered":"https:\/\/estacionesdeservicioarquicons.com\/?page_id=923"},"modified":"2024-07-19T16:03:05","modified_gmt":"2024-07-19T16:03:05","slug":"por-que-nosotros","status":"publish","type":"page","link":"https:\/\/estacionesdeservicioarquicons.com\/index.php\/por-que-nosotros\/","title":{"rendered":"\u00bfPor qu\u00e9 nosotros?"},"content":{"rendered":"\n<div class=\"wp-block-uagb-container uagb-block-a230c05b alignfull uagb-is-root-container\"><div class=\"uagb-container-inner-blocks-wrap\">\n<div class=\"wp-block-uagb-advanced-heading uagb-block-58acce9a\"><h1 class=\"uagb-heading-text\">\u00bfPOR QU\u00c9 NOSOTROS?<\/h1><\/div>\n<\/div><\/div>\n\n\n\n<div class=\"wp-block-uagb-container uagb-block-bbd8e507 alignfull uagb-is-root-container\"><div class=\"uagb-container-inner-blocks-wrap\">\n<div class=\"wp-block-uagb-container uagb-block-35087eab\">\n<div class=\"wp-block-uagb-image uagb-block-c8a02550 wp-block-uagb-image--layout-default wp-block-uagb-image--effect-static wp-block-uagb-image--align-none\"><figure class=\"wp-block-uagb-image__figure\"><img decoding=\"async\" srcset=\"https:\/\/estacionesdeservicioarquicons.com\/wp-content\/uploads\/2023\/02\/por-que-nosotros-1.jpg \" src=\"https:\/\/estacionesdeservicioarquicons.com\/wp-content\/uploads\/2023\/02\/por-que-nosotros-1.jpg\" alt=\"\" class=\"uag-image-933\" width=\"573\" height=\"395\" title=\"\" loading=\"lazy\"\/><\/figure><\/div>\n<\/div>\n\n\n\n<div class=\"wp-block-uagb-container uagb-block-abc2a341\">\n<div class=\"wp-block-uagb-container uagb-block-ebb5eed8\">\n<h4 class=\"wp-block-heading\">\u00bfPor qu\u00e9 contratar con nosotros?<\/h4>\n<\/div>\n\n\n\n<p>\u2022 Somos una empresa con m\u00e1s de 15 a\u00f1os de experiencia en el dise\u00f1o, construccion e interventoria de estaciones de servicio a nivel nacional.<\/p>\n\n\n\n<p><br>\u2022 Nos destacamos por estar a la vanguardia en programas de dise\u00f1o y modelado 3D y 2D para dar al cliente una experiencia real de lo que quiere para su proyecto desde al ambito arquitectonico y estetico, hasta temas tecnicos como dise\u00f1o de redes hidraulicas sanitarias electricas y mecanicas; esto para generar a traves de im\u00e1genes un resultado mas claro y facil de concebir para nuestros clientes<\/p>\n<\/div>\n<\/div><\/div>\n\n\n\n<p>\u2022 Nuestra manera de prestar servicios hace de esto una experiencia agradable, disfrutamos del proceso, trabajando mucho tiempo con nuestros clientes a traves de reuniones presenciales o virtuales, lo que nos permite tener ideas claras y compartidas para llegar al resultado final esperado.<\/p>\n\n\n\n<p><br>\u2022 Contamos con un equipo de profesionales idoneos para cada una de los temas especificos que el proyecto requiere, esto con el fin de dar solucion efectiva a cada reto desde el punto de vista profesional de cada area.<\/p>\n\n\n\n<p><br>\u2022 Se resalta la calidad, innovacion, manejo de nuevas tecnologias a la hora de elaborar nuestros proyectos de cualquier indole, lo que nos permite dar una vision mas cercana y real de lo que se proyecta. Adem\u00e1s nos permite reducir los tiempos de dise\u00f1os y entregas lo que optimiza el proceso del producto final.<\/p>\n\n\n\n<p><br>\u2022 Elaboramos proyectos que funcionan unicamente con su propio entorno, basandonos en condiciones que afectan cada predio como visuales, topografia, condiciones naturales como asoleacion, clima, vientos, lo que hace de cada proyecto algo unico que funciona especificamente en el espacio para el que fue dise\u00f1ado.<\/p>\n\n\n\n<div class=\"wp-block-uagb-container uagb-block-0182213f alignfull uagb-is-root-container\"><div class=\"uagb-container-inner-blocks-wrap\">\n<div class=\"wp-block-uagb-info-box uagb-block-9d29e538 uagb-infobox__content-wrap  uagb-infobox-icon-above-title uagb-infobox-image-valign-top\"><div class=\"uagb-ifb-content\"><div class=\"uagb-ifb-title-wrap\"><h2 class=\"uagb-ifb-title\">Desarrollamos proyectos llave en mano<\/h2><\/div><p class=\"uagb-ifb-desc\">Abordamos proyectos desde la idea del cliente hasta la entrega de la Estaci\u00f3n de Servicio funcional. Cada proceso es desarrollado minuciosamente con el fin de lograr resultados \u00f3ptimos, desde el estudio del terreno, la adecuaci\u00f3n, construcci\u00f3n de bah\u00edas, obras civiles, redes el\u00e9ctricas e hidr\u00e1ulicas, conexiones y redes para el combustible, inserci\u00f3n del tanque, canopy y dem\u00e1s labores necesarias para concluir en un proyecto exitoso<\/p><\/div><\/div>\n<\/div><\/div>\n\n\n\n<div class=\"wp-block-uagb-container uagb-block-bd5ee5d6 alignfull uagb-is-root-container\"><div class=\"uagb-container-inner-blocks-wrap\">\n<h2 class=\"wp-block-heading has-text-align-center has-ast-global-color-2-color has-text-color\" style=\"padding-top:var(--wp--preset--spacing--30);padding-right:var(--wp--preset--spacing--30);padding-bottom:var(--wp--preset--spacing--30);padding-left:var(--wp--preset--spacing--30);font-style:normal;font-weight:400\">Proyecto EDS La Floresta <br>La Vega Cundinamarca<\/h2>\n<\/div><\/div>\n\n\n\n<div class=\"wp-block-uagb-container uagb-block-253cdb30 alignfull uagb-is-root-container\"><div class=\"uagb-container-inner-blocks-wrap\">\n<div class=\"wp-block-uagb-container uagb-block-1c151d13\">\n<div class=\"wp-block-columns is-layout-flex wp-container-core-columns-is-layout-28f84493 wp-block-columns-is-layout-flex\">\n<div class=\"wp-block-column is-layout-flow wp-block-column-is-layout-flow\" style=\"flex-basis:100%\">\n<div class=\"wp-block-uagb-info-box uagb-block-f469c2bc uagb-infobox__content-wrap  uagb-infobox-icon-above-title uagb-infobox-image-valign-top\"><div class=\"uagb-ifb-content\"><div class=\"uagb-ifb-icon-wrap\"><svg xmlns=\"https:\/\/www.w3.org\/2000\/svg\" viewBox=\"0 0 512 512\"><path d=\"M0 256C0 114.6 114.6 0 256 0C397.4 0 512 114.6 512 256C512 397.4 397.4 512 256 512C114.6 512 0 397.4 0 256zM371.8 211.8C382.7 200.9 382.7 183.1 371.8 172.2C360.9 161.3 343.1 161.3 332.2 172.2L224 280.4L179.8 236.2C168.9 225.3 151.1 225.3 140.2 236.2C129.3 247.1 129.3 264.9 140.2 275.8L204.2 339.8C215.1 350.7 232.9 350.7 243.8 339.8L371.8 211.8z\"><\/path><\/svg><\/div><div class=\"uagb-ifb-title-wrap\"><h3 class=\"uagb-ifb-title\">Terreno<\/h3><\/div><p class=\"uagb-ifb-desc\"><img loading=\"lazy\" decoding=\"async\" width=\"350\" height=\"260\" class=\"wp-image-952\" style=\"width: 350px;\" src=\"https:\/\/estacionesdeservicioarquicons.com\/wp-content\/uploads\/2023\/02\/terreno-2.jpg\" alt=\"\" srcset=\"https:\/\/estacionesdeservicioarquicons.com\/wp-content\/uploads\/2023\/02\/terreno-2.jpg 1024w, https:\/\/estacionesdeservicioarquicons.com\/wp-content\/uploads\/2023\/02\/terreno-2-300x223.jpg 300w, https:\/\/estacionesdeservicioarquicons.com\/wp-content\/uploads\/2023\/02\/terreno-2-768x572.jpg 768w\" sizes=\"auto, (max-width: 350px) 100vw, 350px\" \/><\/p><\/div><\/div>\n<\/div>\n<\/div>\n<\/div>\n\n\n\n<div class=\"wp-block-uagb-container uagb-block-33af639a\">\n<div class=\"wp-block-uagb-info-box uagb-block-bd5e20ec uagb-infobox__content-wrap  uagb-infobox-icon-above-title uagb-infobox-image-valign-top\"><div class=\"uagb-ifb-content\"><div class=\"uagb-ifb-icon-wrap\"><svg xmlns=\"https:\/\/www.w3.org\/2000\/svg\" viewBox=\"0 0 512 512\"><path d=\"M0 256C0 114.6 114.6 0 256 0C397.4 0 512 114.6 512 256C512 397.4 397.4 512 256 512C114.6 512 0 397.4 0 256zM371.8 211.8C382.7 200.9 382.7 183.1 371.8 172.2C360.9 161.3 343.1 161.3 332.2 172.2L224 280.4L179.8 236.2C168.9 225.3 151.1 225.3 140.2 236.2C129.3 247.1 129.3 264.9 140.2 275.8L204.2 339.8C215.1 350.7 232.9 350.7 243.8 339.8L371.8 211.8z\"><\/path><\/svg><\/div><div class=\"uagb-ifb-title-wrap\"><h3 class=\"uagb-ifb-title\">Obras Terreno<\/h3><\/div><p class=\"uagb-ifb-desc\"><img loading=\"lazy\" decoding=\"async\" width=\"350\" height=\"260\" class=\"wp-image-956\" style=\"width: 350px;\" src=\"https:\/\/estacionesdeservicioarquicons.com\/wp-content\/uploads\/2023\/02\/obras-terreno.jpg\" alt=\"\" srcset=\"https:\/\/estacionesdeservicioarquicons.com\/wp-content\/uploads\/2023\/02\/obras-terreno.jpg 1024w, https:\/\/estacionesdeservicioarquicons.com\/wp-content\/uploads\/2023\/02\/obras-terreno-300x223.jpg 300w, https:\/\/estacionesdeservicioarquicons.com\/wp-content\/uploads\/2023\/02\/obras-terreno-768x572.jpg 768w\" sizes=\"auto, (max-width: 350px) 100vw, 350px\" \/><\/p><\/div><\/div>\n<\/div>\n\n\n\n<div class=\"wp-block-uagb-container uagb-block-70306f63\">\n<div class=\"wp-block-uagb-info-box uagb-block-b6272851 uagb-infobox__content-wrap  uagb-infobox-icon-above-title uagb-infobox-image-valign-top\"><div class=\"uagb-ifb-content\"><div class=\"uagb-ifb-icon-wrap\"><svg xmlns=\"https:\/\/www.w3.org\/2000\/svg\" viewBox=\"0 0 512 512\"><path d=\"M0 256C0 114.6 114.6 0 256 0C397.4 0 512 114.6 512 256C512 397.4 397.4 512 256 512C114.6 512 0 397.4 0 256zM371.8 211.8C382.7 200.9 382.7 183.1 371.8 172.2C360.9 161.3 343.1 161.3 332.2 172.2L224 280.4L179.8 236.2C168.9 225.3 151.1 225.3 140.2 236.2C129.3 247.1 129.3 264.9 140.2 275.8L204.2 339.8C215.1 350.7 232.9 350.7 243.8 339.8L371.8 211.8z\"><\/path><\/svg><\/div><div class=\"uagb-ifb-title-wrap\"><h3 class=\"uagb-ifb-title\">Construcci\u00f3n<\/h3><\/div><p class=\"uagb-ifb-desc\"><img loading=\"lazy\" decoding=\"async\" width=\"350\" height=\"260\" class=\"wp-image-955\" style=\"width: 350px;\" src=\"https:\/\/estacionesdeservicioarquicons.com\/wp-content\/uploads\/2023\/02\/construccion-terreno.jpg\" alt=\"\" srcset=\"https:\/\/estacionesdeservicioarquicons.com\/wp-content\/uploads\/2023\/02\/construccion-terreno.jpg 1024w, https:\/\/estacionesdeservicioarquicons.com\/wp-content\/uploads\/2023\/02\/construccion-terreno-300x223.jpg 300w, https:\/\/estacionesdeservicioarquicons.com\/wp-content\/uploads\/2023\/02\/construccion-terreno-768x572.jpg 768w\" sizes=\"auto, (max-width: 350px) 100vw, 350px\" \/><\/p><\/div><\/div>\n<\/div>\n<\/div><\/div>\n\n\n\n<div class=\"wp-block-uagb-container uagb-block-a3c32cbb alignfull uagb-is-root-container\"><div class=\"uagb-container-inner-blocks-wrap\">\n<div class=\"wp-block-uagb-container uagb-block-bca482ec\">\n<div class=\"wp-block-columns is-layout-flex wp-container-core-columns-is-layout-28f84493 wp-block-columns-is-layout-flex\">\n<div class=\"wp-block-column is-layout-flow wp-block-column-is-layout-flow\" style=\"flex-basis:100%\">\n<div class=\"wp-block-uagb-info-box uagb-block-b1462900 uagb-infobox__content-wrap  uagb-infobox-icon-above-title uagb-infobox-image-valign-top\"><div class=\"uagb-ifb-content\"><div class=\"uagb-ifb-icon-wrap\"><svg xmlns=\"https:\/\/www.w3.org\/2000\/svg\" viewBox=\"0 0 512 512\"><path d=\"M0 256C0 114.6 114.6 0 256 0C397.4 0 512 114.6 512 256C512 397.4 397.4 512 256 512C114.6 512 0 397.4 0 256zM371.8 211.8C382.7 200.9 382.7 183.1 371.8 172.2C360.9 161.3 343.1 161.3 332.2 172.2L224 280.4L179.8 236.2C168.9 225.3 151.1 225.3 140.2 236.2C129.3 247.1 129.3 264.9 140.2 275.8L204.2 339.8C215.1 350.7 232.9 350.7 243.8 339.8L371.8 211.8z\"><\/path><\/svg><\/div><div class=\"uagb-ifb-title-wrap\"><h3 class=\"uagb-ifb-title\">Zanja Tanque<\/h3><\/div><p class=\"uagb-ifb-desc\"><img loading=\"lazy\" decoding=\"async\" width=\"350\" height=\"260\" class=\"wp-image-959\" style=\"width: 350px;\" src=\"https:\/\/estacionesdeservicioarquicons.com\/wp-content\/uploads\/2023\/02\/zanja-tanque.jpg\" alt=\"\" srcset=\"https:\/\/estacionesdeservicioarquicons.com\/wp-content\/uploads\/2023\/02\/zanja-tanque.jpg 1024w, https:\/\/estacionesdeservicioarquicons.com\/wp-content\/uploads\/2023\/02\/zanja-tanque-300x223.jpg 300w, https:\/\/estacionesdeservicioarquicons.com\/wp-content\/uploads\/2023\/02\/zanja-tanque-768x572.jpg 768w\" sizes=\"auto, (max-width: 350px) 100vw, 350px\" \/><\/p><\/div><\/div>\n<\/div>\n<\/div>\n<\/div>\n\n\n\n<div class=\"wp-block-uagb-container uagb-block-2e9c1b99\">\n<div class=\"wp-block-uagb-info-box uagb-block-affebc33 uagb-infobox__content-wrap  uagb-infobox-icon-above-title uagb-infobox-image-valign-top\"><div class=\"uagb-ifb-content\"><div class=\"uagb-ifb-icon-wrap\"><svg xmlns=\"https:\/\/www.w3.org\/2000\/svg\" viewBox=\"0 0 512 512\"><path d=\"M0 256C0 114.6 114.6 0 256 0C397.4 0 512 114.6 512 256C512 397.4 397.4 512 256 512C114.6 512 0 397.4 0 256zM371.8 211.8C382.7 200.9 382.7 183.1 371.8 172.2C360.9 161.3 343.1 161.3 332.2 172.2L224 280.4L179.8 236.2C168.9 225.3 151.1 225.3 140.2 236.2C129.3 247.1 129.3 264.9 140.2 275.8L204.2 339.8C215.1 350.7 232.9 350.7 243.8 339.8L371.8 211.8z\"><\/path><\/svg><\/div><div class=\"uagb-ifb-title-wrap\"><h3 class=\"uagb-ifb-title\">Tanque<\/h3><\/div><p class=\"uagb-ifb-desc\"><img loading=\"lazy\" decoding=\"async\" width=\"350\" height=\"260\" class=\"wp-image-957\" style=\"width: 350px;\" src=\"https:\/\/estacionesdeservicioarquicons.com\/wp-content\/uploads\/2023\/02\/tanque.jpg\" alt=\"\" srcset=\"https:\/\/estacionesdeservicioarquicons.com\/wp-content\/uploads\/2023\/02\/tanque.jpg 1024w, https:\/\/estacionesdeservicioarquicons.com\/wp-content\/uploads\/2023\/02\/tanque-300x223.jpg 300w, https:\/\/estacionesdeservicioarquicons.com\/wp-content\/uploads\/2023\/02\/tanque-768x572.jpg 768w\" sizes=\"auto, (max-width: 350px) 100vw, 350px\" \/><\/p><\/div><\/div>\n<\/div>\n\n\n\n<div class=\"wp-block-uagb-container uagb-block-0017385a\">\n<div class=\"wp-block-uagb-info-box uagb-block-b721f6b0 uagb-infobox__content-wrap  uagb-infobox-icon-above-title uagb-infobox-image-valign-top\"><div class=\"uagb-ifb-content\"><div class=\"uagb-ifb-icon-wrap\"><svg xmlns=\"https:\/\/www.w3.org\/2000\/svg\" viewBox=\"0 0 512 512\"><path d=\"M0 256C0 114.6 114.6 0 256 0C397.4 0 512 114.6 512 256C512 397.4 397.4 512 256 512C114.6 512 0 397.4 0 256zM371.8 211.8C382.7 200.9 382.7 183.1 371.8 172.2C360.9 161.3 343.1 161.3 332.2 172.2L224 280.4L179.8 236.2C168.9 225.3 151.1 225.3 140.2 236.2C129.3 247.1 129.3 264.9 140.2 275.8L204.2 339.8C215.1 350.7 232.9 350.7 243.8 339.8L371.8 211.8z\"><\/path><\/svg><\/div><div class=\"uagb-ifb-title-wrap\"><h3 class=\"uagb-ifb-title\">Canopy<\/h3><\/div><p class=\"uagb-ifb-desc\"><img loading=\"lazy\" decoding=\"async\" width=\"350\" height=\"260\" class=\"wp-image-954\" style=\"width: 350px;\" src=\"https:\/\/estacionesdeservicioarquicons.com\/wp-content\/uploads\/2023\/02\/canopy.jpg\" alt=\"\" srcset=\"https:\/\/estacionesdeservicioarquicons.com\/wp-content\/uploads\/2023\/02\/canopy.jpg 1024w, https:\/\/estacionesdeservicioarquicons.com\/wp-content\/uploads\/2023\/02\/canopy-300x223.jpg 300w, https:\/\/estacionesdeservicioarquicons.com\/wp-content\/uploads\/2023\/02\/canopy-768x572.jpg 768w\" sizes=\"auto, (max-width: 350px) 100vw, 350px\" \/><\/p><\/div><\/div>\n<\/div>\n<\/div><\/div>\n\n\n\n<div class=\"wp-block-uagb-container uagb-block-49177eda alignfull uagb-is-root-container\"><div class=\"uagb-container-inner-blocks-wrap\">\n<div class=\"wp-block-uagb-container uagb-block-d15adb32\">\n<div class=\"wp-block-columns is-layout-flex wp-container-core-columns-is-layout-28f84493 wp-block-columns-is-layout-flex\">\n<div class=\"wp-block-column is-layout-flow wp-block-column-is-layout-flow\" style=\"flex-basis:100%\">\n<div class=\"wp-block-uagb-info-box uagb-block-64a93bc1 uagb-infobox__content-wrap  uagb-infobox-icon-above-title uagb-infobox-image-valign-top\"><div class=\"uagb-ifb-content\"><div class=\"uagb-ifb-icon-wrap\"><svg xmlns=\"https:\/\/www.w3.org\/2000\/svg\" viewBox=\"0 0 512 512\"><path d=\"M0 256C0 114.6 114.6 0 256 0C397.4 0 512 114.6 512 256C512 397.4 397.4 512 256 512C114.6 512 0 397.4 0 256zM371.8 211.8C382.7 200.9 382.7 183.1 371.8 172.2C360.9 161.3 343.1 161.3 332.2 172.2L224 280.4L179.8 236.2C168.9 225.3 151.1 225.3 140.2 236.2C129.3 247.1 129.3 264.9 140.2 275.8L204.2 339.8C215.1 350.7 232.9 350.7 243.8 339.8L371.8 211.8z\"><\/path><\/svg><\/div><div class=\"uagb-ifb-title-wrap\"><h3 class=\"uagb-ifb-title\">Bah\u00edas<\/h3><\/div><p class=\"uagb-ifb-desc\"><img loading=\"lazy\" decoding=\"async\" width=\"350\" height=\"260\" class=\"wp-image-953\" style=\"width: 350px;\" src=\"https:\/\/estacionesdeservicioarquicons.com\/wp-content\/uploads\/2023\/02\/bahias.jpg\" alt=\"\" srcset=\"https:\/\/estacionesdeservicioarquicons.com\/wp-content\/uploads\/2023\/02\/bahias.jpg 1024w, https:\/\/estacionesdeservicioarquicons.com\/wp-content\/uploads\/2023\/02\/bahias-300x223.jpg 300w, https:\/\/estacionesdeservicioarquicons.com\/wp-content\/uploads\/2023\/02\/bahias-768x572.jpg 768w\" sizes=\"auto, (max-width: 350px) 100vw, 350px\" \/><\/p><\/div><\/div>\n<\/div>\n<\/div>\n<\/div>\n\n\n\n<div class=\"wp-block-uagb-container uagb-block-49117ae9\">\n<div class=\"wp-block-uagb-info-box uagb-block-def15027 uagb-infobox__content-wrap  uagb-infobox-icon-above-title uagb-infobox-image-valign-top\"><div class=\"uagb-ifb-content\"><div class=\"uagb-ifb-icon-wrap\"><svg xmlns=\"https:\/\/www.w3.org\/2000\/svg\" viewBox=\"0 0 512 512\"><path d=\"M0 256C0 114.6 114.6 0 256 0C397.4 0 512 114.6 512 256C512 397.4 397.4 512 256 512C114.6 512 0 397.4 0 256zM371.8 211.8C382.7 200.9 382.7 183.1 371.8 172.2C360.9 161.3 343.1 161.3 332.2 172.2L224 280.4L179.8 236.2C168.9 225.3 151.1 225.3 140.2 236.2C129.3 247.1 129.3 264.9 140.2 275.8L204.2 339.8C215.1 350.7 232.9 350.7 243.8 339.8L371.8 211.8z\"><\/path><\/svg><\/div><div class=\"uagb-ifb-title-wrap\"><h3 class=\"uagb-ifb-title\">Tienda y Ba\u00f1os<\/h3><\/div><p class=\"uagb-ifb-desc\"><img loading=\"lazy\" decoding=\"async\" width=\"350\" height=\"260\" class=\"wp-image-960\" style=\"width: 350px;\" src=\"https:\/\/estacionesdeservicioarquicons.com\/wp-content\/uploads\/2023\/02\/tiendaybanos.jpg\" alt=\"\" srcset=\"https:\/\/estacionesdeservicioarquicons.com\/wp-content\/uploads\/2023\/02\/tiendaybanos.jpg 1024w, https:\/\/estacionesdeservicioarquicons.com\/wp-content\/uploads\/2023\/02\/tiendaybanos-300x223.jpg 300w, https:\/\/estacionesdeservicioarquicons.com\/wp-content\/uploads\/2023\/02\/tiendaybanos-768x572.jpg 768w\" sizes=\"auto, (max-width: 350px) 100vw, 350px\" \/><\/p><\/div><\/div>\n<\/div>\n\n\n\n<div class=\"wp-block-uagb-container uagb-block-46360537\">\n<div class=\"wp-block-uagb-info-box uagb-block-c8c916e4 uagb-infobox__content-wrap  uagb-infobox-icon-above-title uagb-infobox-image-valign-top\"><div class=\"uagb-ifb-content\"><div class=\"uagb-ifb-icon-wrap\"><svg xmlns=\"https:\/\/www.w3.org\/2000\/svg\" viewBox=\"0 0 512 512\"><path d=\"M0 256C0 114.6 114.6 0 256 0C397.4 0 512 114.6 512 256C512 397.4 397.4 512 256 512C114.6 512 0 397.4 0 256zM371.8 211.8C382.7 200.9 382.7 183.1 371.8 172.2C360.9 161.3 343.1 161.3 332.2 172.2L224 280.4L179.8 236.2C168.9 225.3 151.1 225.3 140.2 236.2C129.3 247.1 129.3 264.9 140.2 275.8L204.2 339.8C215.1 350.7 232.9 350.7 243.8 339.8L371.8 211.8z\"><\/path><\/svg><\/div><div class=\"uagb-ifb-title-wrap\"><h3 class=\"uagb-ifb-title\">V\u00edas de Acceso<\/h3><\/div><p class=\"uagb-ifb-desc\"><img loading=\"lazy\" decoding=\"async\" width=\"350\" height=\"260\" class=\"wp-image-961\" style=\"width: 350px;\" src=\"https:\/\/estacionesdeservicioarquicons.com\/wp-content\/uploads\/2023\/02\/viasdeacceso.jpg\" alt=\"\" srcset=\"https:\/\/estacionesdeservicioarquicons.com\/wp-content\/uploads\/2023\/02\/viasdeacceso.jpg 1024w, https:\/\/estacionesdeservicioarquicons.com\/wp-content\/uploads\/2023\/02\/viasdeacceso-300x223.jpg 300w, https:\/\/estacionesdeservicioarquicons.com\/wp-content\/uploads\/2023\/02\/viasdeacceso-768x572.jpg 768w\" sizes=\"auto, (max-width: 350px) 100vw, 350px\" \/><\/p><\/div><\/div>\n<\/div>\n<\/div><\/div>\n\n\n\n<div class=\"wp-block-uagb-container uagb-block-bb1a678a alignwide uagb-is-root-container\">\n<div class=\"wp-block-uagb-image aligncenter uagb-block-1ca90f6f wp-block-uagb-image--layout-default wp-block-uagb-image--effect-static wp-block-uagb-image--align-center\"><figure class=\"wp-block-uagb-image__figure\"><img decoding=\"async\" srcset=\"https:\/\/estacionesdeservicioarquicons.com\/wp-content\/uploads\/2023\/02\/panoramica-1024x576.jpg \" src=\"https:\/\/estacionesdeservicioarquicons.com\/wp-content\/uploads\/2023\/02\/panoramica-1024x576.jpg\" alt=\"\" class=\"uag-image-962\" width=\"\" height=\"\" title=\"\" loading=\"lazy\"\/><\/figure><\/div>\n<\/div>\n\n\n\n<div class=\"wp-block-uagb-container uagb-block-ae347de5 alignfull uagb-is-root-container\"><div class=\"uagb-container-inner-blocks-wrap\">\n<div class=\"wp-block-uagb-call-to-action uagb-block-90bcba3c wp-block-button\"><div class=\"uagb-cta__wrap\"><h2 class=\"uagb-cta__title\">HABLE CON NOSTROS<\/h2><p class=\"uagb-cta__desc\">\u00bfQuiere abordar un proyecto de construcci\u00f3n de Estaci\u00f3n de Servicio y no tiene un constructor confiable y dedicado en esta \u00e1rea?<br>Cont\u00e1ctenos, somos su aliado en dise\u00f1o y construcci\u00f3n de EDS<\/p><\/div><div class=\"uagb-cta__buttons\"><a href=\"#\" class=\"uagb-cta__button-link-wrapper wp-block-button__link\" target=\"_self\" rel=\"noopener noreferrer\">CONT\u00c1CTENOS<\/a><\/div><\/div>\n<\/div><\/div>\n","protected":false},"excerpt":{"rendered":"<p>\u2022 Nuestra manera de prestar servicios hace de esto una experiencia agradable, disfrutamos del proceso, trabajando mucho tiempo con nuestros clientes a traves de reuniones presenciales o virtuales, lo que nos permite tener ideas claras y compartidas para llegar al resultado final esperado. \u2022 Contamos con un equipo de profesionales idoneos para cada una de &hellip;<\/p>\n<p class=\"read-more\"> <a class=\"\" href=\"https:\/\/estacionesdeservicioarquicons.com\/index.php\/por-que-nosotros\/\"> <span class=\"screen-reader-text\">\u00bfPor qu\u00e9 nosotros?<\/span> Leer m\u00e1s &raquo;<\/a><\/p>\n","protected":false},"author":1,"featured_media":0,"parent":0,"menu_order":0,"comment_status":"closed","ping_status":"closed","template":"","meta":{"_uag_custom_page_level_css":"","site-sidebar-layout":"default","site-content-layout":"default","ast-global-header-display":"","ast-main-header-display":"","ast-hfb-above-header-display":"","ast-hfb-below-header-display":"","ast-hfb-mobile-header-display":"","site-post-title":"","ast-breadcrumbs-content":"","ast-featured-img":"","footer-sml-layout":"","theme-transparent-header-meta":"","adv-header-id-meta":"","stick-header-meta":"","header-above-stick-meta":"","header-main-stick-meta":"","header-below-stick-meta":"","footnotes":""},"class_list":["post-923","page","type-page","status-publish","hentry"],"uagb_featured_image_src":{"full":false,"thumbnail":false,"medium":false,"medium_large":false,"large":false,"1536x1536":false,"2048x2048":false},"uagb_author_info":{"display_name":"admin","author_link":"https:\/\/estacionesdeservicioarquicons.com\/index.php\/author\/admin_eds\/"},"uagb_comment_info":0,"uagb_excerpt":"\u2022 Nuestra manera de prestar servicios hace de esto una experiencia agradable, disfrutamos del proceso, trabajando mucho tiempo con nuestros clientes a traves de reuniones presenciales o virtuales, lo que nos permite tener ideas claras y compartidas para llegar al resultado final esperado. \u2022 Contamos con un equipo de profesionales idoneos para cada una de&hellip;","_links":{"self":[{"href":"https:\/\/estacionesdeservicioarquicons.com\/index.php\/wp-json\/wp\/v2\/pages\/923","targetHints":{"allow":["GET"]}}],"collection":[{"href":"https:\/\/estacionesdeservicioarquicons.com\/index.php\/wp-json\/wp\/v2\/pages"}],"about":[{"href":"https:\/\/estacionesdeservicioarquicons.com\/index.php\/wp-json\/wp\/v2\/types\/page"}],"author":[{"embeddable":true,"href":"https:\/\/estacionesdeservicioarquicons.com\/index.php\/wp-json\/wp\/v2\/users\/1"}],"replies":[{"embeddable":true,"href":"https:\/\/estacionesdeservicioarquicons.com\/index.php\/wp-json\/wp\/v2\/comments?post=923"}],"version-history":[{"count":21,"href":"https:\/\/estacionesdeservicioarquicons.com\/index.php\/wp-json\/wp\/v2\/pages\/923\/revisions"}],"predecessor-version":[{"id":1387,"href":"https:\/\/estacionesdeservicioarquicons.com\/index.php\/wp-json\/wp\/v2\/pages\/923\/revisions\/1387"}],"wp:attachment":[{"href":"https:\/\/estacionesdeservicioarquicons.com\/index.php\/wp-json\/wp\/v2\/media?parent=923"}],"curies":[{"name":"wp","href":"https:\/\/api.w.org\/{rel}","templated":true}]}}